e the prime factors of 56026161?
3, 691681
What are the prime factors of 8753391131?
8753391131
What are the prime factors of 78768919?
967, 81457
What are the prime factors of 112806389?
73, 109, 14177
List the prime factors of 2884436754.
2, 3, 557, 863087
What are the prime factors of 2392582566?
2, 3, 11, 71, 510581
List the prime factors of 167874884.
2, 23, 1824727
List the prime factors of 3494307.
3, 41, 28409
What are the prime factors of 7301824?
2, 271, 421
List the prime factors of 132837405.
3, 5, 17, 30643
What are the prime factors of 1409599649?
1409599649
List the prime factors of 67284716.
2, 191, 88069
List the prime factors of 1746432332.
2, 59, 7400137
What are the prime factors of 14703083?
31, 67, 7079
List the prime factors of 420835274.
2, 47, 4476971
What are the prime factors of 100951457?
17, 349313
What are the prime factors of 1331425293?
3, 11, 29, 31, 44879
What are the prime factors of 1448596054?
2, 7877, 91951
What are the prime factors of 262864362?
2, 3, 5189, 8443
What are the prime factors of 825648339?
3, 275216113
List the prime factors of 328075295.
5, 599, 109541
What are the prime factors of 41688036?
2, 3, 13, 281, 317
List the prime factors of 391337468.
2, 109, 897563
List the prime factors of 3368489.
3368489
What are the prime factors of 16978069?
61, 278329
List the prime factors of 294714385.
5, 7, 29, 290359
List the prime factors of 58592276.
2, 19, 770951
What are the prime factors of 2759627306?
2, 17, 853, 95153
List the prime factors of 3517224224.
2, 103, 353, 3023
List the prime factors of 42539151.
3, 17, 241, 3461
What are the prime factors of 413962267?
2357, 175631
List the prime factors of 43592268.
2, 3, 23, 59, 2677
What are the prime factors of 22058947?
2909, 7583
What are the prime factors of 2488782093?
3, 7, 521, 227473
What are the prime factors of 394185418?
2, 11, 191, 93809
List the prime factors of 22148156.
2, 317, 17467
What are the prime factors of 2856678?
2, 3, 11, 43283
What are the prime factors of 7244011207?
23, 1487, 9209
What are the prime factors of 2599762977?
3, 7, 1129, 36551
What are the prime factors of 6200453804?
2, 23, 4261, 15817
List the prime factors of 537050916.
2, 3, 14918081
What are the prime factors of 4802984005?
5, 4723, 203387
What are the prime factors of 1114931301?
3, 11, 151, 223747
What are the prime factors of 525359200?
2, 5, 151, 4349
List the prime factors of 115661930.
2, 5, 19, 31, 73, 269
List the prime factors of 518905236.
2, 3, 29, 59, 127, 199
What are the prime factors of 1002739299?
3, 31, 103, 104681
List the prime factors of 142679421.
3, 5284423
What are the prime factors of 2581626136?
2, 322703267
List the prime factors of 251367563.
29, 8667847
List the prime factors of 3966655955.
5, 793331191
What are the prime factors of 10164015?
3, 5, 75289
List the prime factors of 1605294703.
10159, 158017
What are the prime factors of 1937549330?
2, 5, 17, 769, 14821
List the prime factors of 3550971046.
2, 7, 43, 5898623
What are the prime factors of 2919565139?
73, 39994043
List the prime factors of 4501184810.
2, 5, 31, 14519951
What are the prime factors of 8235115?
5, 7, 235289
What are the prime factors of 3402445050?
2, 3, 5, 7560989
What are the prime factors of 99650728?
2, 29, 429529
List the prime factors of 46959720.
2, 3, 5, 391331
What are the prime factors of 4719045628?
2, 11, 107251037
List the prime factors of 757226271.
3, 439, 574963
List the prime factors of 238244254.
2, 101, 1179427
List the prime factors of 411974727.
3, 5827, 23567
List the prime factors of 240702454.
2, 1069, 112583
What are the prime factors of 315494490?
2, 3, 5, 10516483
List the prime factors of 83133970.
2, 5, 661, 12577
What are the prime factors of 569016893?
43, 1093, 12107
List the prime factors of 159160915.
5, 31832183
List the prime factors of 78052250.
2, 5, 312209
List the prime factors of 113611118.
2, 53, 1071803
What are the prime factors of 263898836?
2, 197, 334897
List the prime factors of 5104878267.
3, 23, 97, 179, 4261
List the prime factors of 1233805520.
2, 5, 61, 252829
What are the prime factors of 367446977?
367446977
What are the prime factors of 67950599?
67950599
What are the prime factors of 38627455?
5, 227, 34033
List the prime factors of 1293306689.
53, 61, 400033
List the prime factors of 486564652.
2, 7, 37, 469657
What are the prime factors of 29253653?
11, 13, 157, 1303
List the prime factors of 49932092.
2, 7, 37, 48197
List the prime factors of 1765083796.
2, 7, 63038707
What are the prime factors of 557038320?
2, 3, 5, 17, 311, 439
List the prime factors of 262308961.
12907, 20323
List the prime factors of 57547993.
57547993
List the prime factors of 3003632601.
3, 1303, 768389
What are the prime factors of 335260977?
3, 41, 2725699
What are the prime factors of 244049569?
17, 14355857
List the prime factors of 392518010.
2, 5, 41, 957361
List the prime factors of 420162624.
2, 3, 7, 104207
List the prime factors of 63318887.
19, 1259, 2647
What are the prime factors of 2532262962?
2, 3, 19, 31, 716543
List the prime factors of 482122092.
2, 3, 71, 439, 1289
What are the prime factors of 8364713?
7, 1194959
List the prime factors of 328272791.
7, 11, 4263283
List the prime factors of 408729681.
3, 67, 677827
List the prime factors of 973769646.
2, 3, 19, 2621, 3259
List the prime factors of 345952651.
11, 373, 84317
What are the prime factors of 88714853?
88714853
List the prime factors of 243765661.
23, 647, 16381
List the prime factors of 68993602.
2, 1229, 28069
What are the prime factors of 1229160472?
2, 3119, 49261
What are the prime factors of 33251523?
3, 101, 109741
What are the prime factors of 285657795?
3, 5, 101, 62851
List the prime factors of 1690317466.
2, 2237, 377809
List the prime factors of 28140098.
2, 7, 271, 7417
What are the prime factors of 55875336?
2, 3, 11, 113, 1873
List the prime factors of 61092378.
2, 3, 41, 82781
List the prime factors of 77798614.
2, 509, 76423
List the prime factors of 3316679866.
2, 443, 733, 5107
What are the prime factors of 1998276952?
2, 7, 4943, 7219
What are the prime factors of 3406137?
3, 7, 17, 29, 47
List the prime factors of 4479179613.
3, 101, 1871, 7901
What are the prime factors of 1311580391?
11, 119234581
What are the prime factors of 182697303?
3, 23, 29, 91303
What are the prime factors of 35773301?
35773301
What are the prime factors of 783699503?
783699503
What are the prime factors of 281066374?
2, 599, 234613
List the prime factors of 50222160.
2, 3, 5, 23251
What are the prime factors of 95287468?
2, 23821867
List the prime factors of 69303852.
2, 3, 29, 66383
What are the prime factors of 199040043?
3, 739, 89779
What are the prime factors of 3101988?
2, 3, 258499
What are the prime factors of 751395826?
2, 131, 2867923
List the prime factors of 4458050647.
23, 127, 149, 10243
List the prime factors of 317048707.
317048707
List the prime factors of 7449625.
5, 61, 977
What are the prime factors of 201514506?
2, 3, 37, 907723
What are the prime factors of 30595395?
3, 5, 73, 27941
List the prime factors of 216196950.
2, 3, 5, 1441313
What are the prime factors of 95521414?
2, 1091, 43777
List the prime factors of 1126192370.
2, 5, 17, 61, 223, 487
List the prime factors of 96100448.
2, 53, 56663
List the prime factors of 1417474867.
311, 1163, 3919
List the prime factors of 166672986.
2, 3, 179, 311, 499
List the prime factors of 1972412.
2, 13, 83, 457
What are the prime factors of 78920452?
2, 13, 19, 23, 151
List the prime factors of 1618499737.
139, 193, 60331
What are the prime factors of 43262398?
2, 37, 584627
List the prime factors of 569484740.
2, 5, 11, 2588567
What are the prime factors of 18632009?
11, 73, 23203
List the prime factors of 340015922.
2, 170007961
What are the prime factors of 763392150?
2, 3, 5, 59, 28753
List the prime factors of 307212970.
2, 5, 661, 46477
What are the prime factors of 332949663?
3, 103, 119723
List the prime factors of 3898191895.
5, 13, 251, 337, 709
List the prime factors of 257392290.
2, 3, 5, 8579743
What are the prime factors of 22917369?
3, 7639123
What are the prime factors of 1953995943?
3, 651331981
What are the prime factors of 3977673347?
3977673347
Lis